{"id":20033,"date":"2025-09-21T20:25:24","date_gmt":"2025-09-21T20:25:24","guid":{"rendered":"http:\/\/uneadresseaparis.ovh\/?page_id=20033"},"modified":"2025-12-20T12:32:18","modified_gmt":"2025-12-20T12:32:18","slug":"histoire","status":"publish","type":"page","link":"https:\/\/uneadresseaparis.ovh\/index.php\/fr\/accueil\/histoire\/","title":{"rendered":"Histoire"},"content":{"rendered":"\n<p>Pendant la R\u00e9volution fran\u00e7aise, elle \u00e9tait connue sous le nom de <strong><a href=\"https:\/\/fr.wikipedia.org\/wiki\/Franciade\">Rue de Fran<\/a>ciade<\/strong>. La rue fut l\u2019un des centres de l\u2019insurrection de juin 1832, immortalis\u00e9e dans le roman <em>Les Mis\u00e9rables<\/em> de Victor Hugo, et d\u00e9sign\u00e9e dans l\u2019ouvrage comme l\u2019\u00ab <em>\u00c9pop\u00e9e de la rue Saint-Denis<\/em> \u00bb.<\/p>\n\n\n\n<p><strong>Entre h\u00e9ritage antique et faste monumental<\/strong>, la rue Saint-Denis s\u2019impose comme l\u2019une des plus anciennes art\u00e8res de la capitale. Trac\u00e9e d\u00e8s l\u2019\u00e9poque romaine, elle devint par la suite la route c\u00e9r\u00e9monielle menant \u00e0 l\u2019abbaye de Saint-Denis. C\u2019est au XVIIe si\u00e8cle que le quartier se pare de son monument le plus embl\u00e9matique : la Porte Saint-Denis (1672), un arc de triomphe majestueux qui marque l\u2019entr\u00e9e de la ville.<\/p>\n\n\n\n<p><strong>Du &#8220;Ventre de Paris&#8221; \u00e0 l\u2019\u00e9mergence d\u2019un nouveau c\u0153ur battant <\/strong>: le quartier des Halles a nourri la capitale pendant des si\u00e8cles avant que son march\u00e9 historique ne rejoigne Rungis \u00e0 la fin des ann\u00e9es 1960. De cet h\u00e9ritage, la rue Montorgueil a gard\u00e9 sa vocation gourmande, tandis que le 2e arrondissement d\u00e9ploie aujourd&#8217;hui un visage pluriel, entre passages couverts, ateliers d&#8217;artisans et une effervescence nocturne typiquement parisienne.<\/p>\n\n\n\n<figure class=\"wp-block-gallery has-nested-images columns-default is-cropped wp-block-gallery-1 is-layout-flex wp-block-gallery-is-layout-flex\">\n<figure data-wp-context=\"{&quot;imageId&quot;:&quot;69d9f6b497f19&quot;}\" data-wp-interactive=\"core\/image\" data-wp-key=\"69d9f6b497f19\" class=\"wp-block-image size-large wp-lightbox-container\"><img loading=\"lazy\" decoding=\"async\" width=\"768\" height=\"1024\" data-wp-class--hide=\"state.isContentHidden\" data-wp-class--show=\"state.isContentVisible\" data-wp-init=\"callbacks.setButtonStyles\" data-wp-on--click=\"actions.showLightbox\" data-wp-on--load=\"callbacks.setButtonStyles\" data-wp-on-window--resize=\"callbacks.setButtonStyles\" data-id=\"20029\" src=\"https:\/\/uneadresseaparis.ovh\/wp-content\/uploads\/2025\/09\/Porte_Saint-Denis_1-768x1024.jpg\" alt=\"\" class=\"wp-image-20029\" srcset=\"https:\/\/uneadresseaparis.ovh\/wp-content\/uploads\/2025\/09\/Porte_Saint-Denis_1-768x1024.jpg 768w, https:\/\/uneadresseaparis.ovh\/wp-content\/uploads\/2025\/09\/Porte_Saint-Denis_1-225x300.jpg 225w, https:\/\/uneadresseaparis.ovh\/wp-content\/uploads\/2025\/09\/Porte_Saint-Denis_1.jpg 960w\" sizes=\"auto, (max-width: 768px) 100vw, 768px\" \/><button\n\t\t\tclass=\"lightbox-trigger\"\n\t\t\ttype=\"button\"\n\t\t\taria-haspopup=\"dialog\"\n\t\t\taria-label=\"Enlarge\"\n\t\t\tdata-wp-init=\"callbacks.initTriggerButton\"\n\t\t\tdata-wp-on--click=\"actions.showLightbox\"\n\t\t\tdata-wp-style--right=\"state.imageButtonRight\"\n\t\t\tdata-wp-style--top=\"state.imageButtonTop\"\n\t\t>\n\t\t\t<svg xmlns=\"http:\/\/www.w3.org\/2000\/svg\" width=\"12\" height=\"12\" fill=\"none\" viewBox=\"0 0 12 12\">\n\t\t\t\t<path fill=\"#fff\" d=\"M2 0a2 2 0 0 0-2 2v2h1.5V2a.5.5 0 0 1 .5-.5h2V0H2Zm2 10.5H2a.5.5 0 0 1-.5-.5V8H0v2a2 2 0 0 0 2 2h2v-1.5ZM8 12v-1.5h2a.5.5 0 0 0 .5-.5V8H12v2a2 2 0 0 1-2 2H8Zm2-12a2 2 0 0 1 2 2v2h-1.5V2a.5.5 0 0 0-.5-.5H8V0h2Z\" \/>\n\t\t\t<\/svg>\n\t\t<\/button><figcaption class=\"wp-element-caption\"><a href=\"https:\/\/fr.wikipedia.org\/wiki\/Porte_Saint-Denis\" data-type=\"link\" data-id=\"https:\/\/fr.wikipedia.org\/wiki\/Porte_Saint-Denis\" target=\"_blank\" rel=\"noreferrer noopener\">Porte St\u2011Denis (1672)<\/a><\/figcaption><\/figure>\n\n\n\n<figure data-wp-context=\"{&quot;imageId&quot;:&quot;69d9f6b49831f&quot;}\" data-wp-interactive=\"core\/image\" data-wp-key=\"69d9f6b49831f\" class=\"wp-block-image size-large wp-lightbox-container\"><img loading=\"lazy\" decoding=\"async\" width=\"809\" height=\"1024\" data-wp-class--hide=\"state.isContentHidden\" data-wp-class--show=\"state.isContentVisible\" data-wp-init=\"callbacks.setButtonStyles\" data-wp-on--click=\"actions.showLightbox\" data-wp-on--load=\"callbacks.setButtonStyles\" data-wp-on-window--resize=\"callbacks.setButtonStyles\" data-id=\"20030\" src=\"https:\/\/uneadresseaparis.ovh\/wp-content\/uploads\/2025\/09\/Paris_-_Passage_du_Grand_Cerf_-1-809x1024.jpg\" alt=\"\" class=\"wp-image-20030\" srcset=\"https:\/\/uneadresseaparis.ovh\/wp-content\/uploads\/2025\/09\/Paris_-_Passage_du_Grand_Cerf_-1-809x1024.jpg 809w, https:\/\/uneadresseaparis.ovh\/wp-content\/uploads\/2025\/09\/Paris_-_Passage_du_Grand_Cerf_-1-237x300.jpg 237w, https:\/\/uneadresseaparis.ovh\/wp-content\/uploads\/2025\/09\/Paris_-_Passage_du_Grand_Cerf_-1-768x972.jpg 768w, https:\/\/uneadresseaparis.ovh\/wp-content\/uploads\/2025\/09\/Paris_-_Passage_du_Grand_Cerf_-1-1213x1536.jpg 1213w, https:\/\/uneadresseaparis.ovh\/wp-content\/uploads\/2025\/09\/Paris_-_Passage_du_Grand_Cerf_-1-1617x2048.jpg 1617w, https:\/\/uneadresseaparis.ovh\/wp-content\/uploads\/2025\/09\/Paris_-_Passage_du_Grand_Cerf_-1-scaled.jpg 2022w\" sizes=\"auto, (max-width: 809px) 100vw, 809px\" \/><button\n\t\t\tclass=\"lightbox-trigger\"\n\t\t\ttype=\"button\"\n\t\t\taria-haspopup=\"dialog\"\n\t\t\taria-label=\"Enlarge\"\n\t\t\tdata-wp-init=\"callbacks.initTriggerButton\"\n\t\t\tdata-wp-on--click=\"actions.showLightbox\"\n\t\t\tdata-wp-style--right=\"state.imageButtonRight\"\n\t\t\tdata-wp-style--top=\"state.imageButtonTop\"\n\t\t>\n\t\t\t<svg xmlns=\"http:\/\/www.w3.org\/2000\/svg\" width=\"12\" height=\"12\" fill=\"none\" viewBox=\"0 0 12 12\">\n\t\t\t\t<path fill=\"#fff\" d=\"M2 0a2 2 0 0 0-2 2v2h1.5V2a.5.5 0 0 1 .5-.5h2V0H2Zm2 10.5H2a.5.5 0 0 1-.5-.5V8H0v2a2 2 0 0 0 2 2h2v-1.5ZM8 12v-1.5h2a.5.5 0 0 0 .5-.5V8H12v2a2 2 0 0 1-2 2H8Zm2-12a2 2 0 0 1 2 2v2h-1.5V2a.5.5 0 0 0-.5-.5H8V0h2Z\" \/>\n\t\t\t<\/svg>\n\t\t<\/button><figcaption class=\"wp-element-caption\"><a href=\"https:\/\/fr.wikipedia.org\/wiki\/Passage_du_Grand-Cerf\" target=\"_blank\" rel=\"noreferrer noopener\">Passage du Grand\u2011Cerf<\/a> (XVIIIe)<\/figcaption><\/figure>\n\n\n\n<figure data-wp-context=\"{&quot;imageId&quot;:&quot;69d9f6b4986fa&quot;}\" data-wp-interactive=\"core\/image\" data-wp-key=\"69d9f6b4986fa\" class=\"wp-block-image size-large wp-lightbox-container\"><img decoding=\"async\" data-wp-class--hide=\"state.isContentHidden\" data-wp-class--show=\"state.isContentVisible\" data-wp-init=\"callbacks.setButtonStyles\" data-wp-on--click=\"actions.showLightbox\" data-wp-on--load=\"callbacks.setButtonStyles\" data-wp-on-window--resize=\"callbacks.setButtonStyles\" data-id=\"20031\" src=\"https:\/\/uneadresseaparis.ovh\/wp-content\/uploads\/2025\/09\/Claude_Monet_-_The_Rue_Montorgueil_in_Paris._Celebration_of_June_302C_1878_-_Google_Art_Project.jpg\" alt=\"\" class=\"wp-image-20031\"\/><button\n\t\t\tclass=\"lightbox-trigger\"\n\t\t\ttype=\"button\"\n\t\t\taria-haspopup=\"dialog\"\n\t\t\taria-label=\"Enlarge\"\n\t\t\tdata-wp-init=\"callbacks.initTriggerButton\"\n\t\t\tdata-wp-on--click=\"actions.showLightbox\"\n\t\t\tdata-wp-style--right=\"state.imageButtonRight\"\n\t\t\tdata-wp-style--top=\"state.imageButtonTop\"\n\t\t>\n\t\t\t<svg xmlns=\"http:\/\/www.w3.org\/2000\/svg\" width=\"12\" height=\"12\" fill=\"none\" viewBox=\"0 0 12 12\">\n\t\t\t\t<path fill=\"#fff\" d=\"M2 0a2 2 0 0 0-2 2v2h1.5V2a.5.5 0 0 1 .5-.5h2V0H2Zm2 10.5H2a.5.5 0 0 1-.5-.5V8H0v2a2 2 0 0 0 2 2h2v-1.5ZM8 12v-1.5h2a.5.5 0 0 0 .5-.5V8H12v2a2 2 0 0 1-2 2H8Zm2-12a2 2 0 0 1 2 2v2h-1.5V2a.5.5 0 0 0-.5-.5H8V0h2Z\" \/>\n\t\t\t<\/svg>\n\t\t<\/button><figcaption class=\"wp-element-caption\"><a href=\"https:\/\/fr.wikipedia.org\/wiki\/La_Rue_Montorgueil\" data-type=\"link\" data-id=\"https:\/\/fr.wikipedia.org\/wiki\/La_Rue_Montorgueil\">Monet, <em>Rue Montorgueil<\/em> (1878)<\/a><\/figcaption><\/figure>\n<\/figure>\n\n\n\n<p><\/p>\n","protected":false},"excerpt":{"rendered":"<p>Pendant la R\u00e9volution fran\u00e7aise, elle \u00e9tait connue sous le nom de Rue de Franciade. La rue fut l\u2019un des centres de l\u2019insurrection de juin 1832, immortalis\u00e9e dans le roman Les Mis\u00e9rables de Victor Hugo, et d\u00e9sign\u00e9e dans l\u2019ouvrage comme l\u2019\u00ab \u00c9pop\u00e9e de la rue Saint-Denis \u00bb. Entre h\u00e9ritage antique et faste monumental, la rue Saint-Denis [&hellip;]<\/p>\n","protected":false},"author":1,"featured_media":0,"parent":20001,"menu_order":0,"comment_status":"closed","ping_status":"closed","template":"","meta":{"footnotes":""},"class_list":["post-20033","page","type-page","status-publish","hentry"],"_links":{"self":[{"href":"https:\/\/uneadresseaparis.ovh\/index.php\/wp-json\/wp\/v2\/pages\/20033","targetHints":{"allow":["GET"]}}],"collection":[{"href":"https:\/\/uneadresseaparis.ovh\/index.php\/wp-json\/wp\/v2\/pages"}],"about":[{"href":"https:\/\/uneadresseaparis.ovh\/index.php\/wp-json\/wp\/v2\/types\/page"}],"author":[{"embeddable":true,"href":"https:\/\/uneadresseaparis.ovh\/index.php\/wp-json\/wp\/v2\/users\/1"}],"replies":[{"embeddable":true,"href":"https:\/\/uneadresseaparis.ovh\/index.php\/wp-json\/wp\/v2\/comments?post=20033"}],"version-history":[{"count":7,"href":"https:\/\/uneadresseaparis.ovh\/index.php\/wp-json\/wp\/v2\/pages\/20033\/revisions"}],"predecessor-version":[{"id":20265,"href":"https:\/\/uneadresseaparis.ovh\/index.php\/wp-json\/wp\/v2\/pages\/20033\/revisions\/20265"}],"up":[{"embeddable":true,"href":"https:\/\/uneadresseaparis.ovh\/index.php\/wp-json\/wp\/v2\/pages\/20001"}],"wp:attachment":[{"href":"https:\/\/uneadresseaparis.ovh\/index.php\/wp-json\/wp\/v2\/media?parent=20033"}],"curies":[{"name":"wp","href":"https:\/\/api.w.org\/{rel}","templated":true}]}}